{"id":147,"date":"2017-03-07T10:38:39","date_gmt":"2017-03-07T09:38:39","guid":{"rendered":"http:\/\/www.autobogus.pl\/?page_id=147"},"modified":"2022-02-04T19:05:00","modified_gmt":"2022-02-04T18:05:00","slug":"kontakt","status":"publish","type":"page","link":"https:\/\/www.autobogus.pl\/?page_id=147","title":{"rendered":"Us\u0142ugi &#8211; kontakt"},"content":{"rendered":"<p><a href=\"http:\/\/www.autobogus.pl\/wp-content\/uploads\/2017\/10\/cropped-22047991_739285209588648_8106453947025387301_o2.jpg\"><img loading=\"lazy\" decoding=\"async\" class=\"alignright size-medium wp-image-209\" src=\"http:\/\/www.autobogus.pl\/wp-content\/uploads\/2017\/10\/cropped-22047991_739285209588648_8106453947025387301_o2-300x300.jpg\" alt=\"\" width=\"300\" height=\"300\" srcset=\"https:\/\/www.autobogus.pl\/wp-content\/uploads\/2017\/10\/cropped-22047991_739285209588648_8106453947025387301_o2-300x300.jpg 300w, https:\/\/www.autobogus.pl\/wp-content\/uploads\/2017\/10\/cropped-22047991_739285209588648_8106453947025387301_o2-150x150.jpg 150w, https:\/\/www.autobogus.pl\/wp-content\/uploads\/2017\/10\/cropped-22047991_739285209588648_8106453947025387301_o2-270x270.jpg 270w, https:\/\/www.autobogus.pl\/wp-content\/uploads\/2017\/10\/cropped-22047991_739285209588648_8106453947025387301_o2-192x192.jpg 192w, https:\/\/www.autobogus.pl\/wp-content\/uploads\/2017\/10\/cropped-22047991_739285209588648_8106453947025387301_o2-180x180.jpg 180w, https:\/\/www.autobogus.pl\/wp-content\/uploads\/2017\/10\/cropped-22047991_739285209588648_8106453947025387301_o2-32x32.jpg 32w, https:\/\/www.autobogus.pl\/wp-content\/uploads\/2017\/10\/cropped-22047991_739285209588648_8106453947025387301_o2.jpg 512w\" sizes=\"auto, (max-width: 300px) 100vw, 300px\" \/><\/a><\/p>\n<h3>Adres:<\/h3>\n<h4>Kamieniec Z\u0105bkowicki<br \/>\nKolejowa 10, 57-230<\/h4>\n<h3>Godziny otwarcia:<\/h3>\n<h4>Poniedzia\u0142ek-Pi\u0105tek: 8.00-18.00<br \/>\nSobota: 9.00-15.00<\/h4>\n<h3>Telefon:<\/h3>\n<h4>Tel. 74\/8-173-268<br \/>\nFaks: 74\/8-173-268<br \/>\nKom. 602-570-564<br \/>\nEmail: biuro@autobogus.pl<\/h4>\n<h3>Rodzaj wykonywanych us\u0142ug:<\/h3>\n<h4>Diagnostyka komputerowa silnika i podzespo\u0142\u00f3w<br \/>\nElektryka samochodowa<br \/>\nObs\u0142uga klimatyzacji<br \/>\nSerwis ogumienia<br \/>\nSerwis mechaniczny<br \/>\nObs\u0142uga flot samochodowych<br \/>\nSprzeda\u017c cz\u0119\u015bci samochodowych, wszystkie marki.<br \/>\nDoradztwo przy zakupie samochodu<\/h4>\n<h4><strong>Mo\u017cliwo\u015b\u0107 wynajmu auta zast\u0119pczego\u00a0(<a style=\"font-weight: bold;\" href=\"http:\/\/www.autobogus.pl\/wp-content\/uploads\/2016\/07\/warunki-wynajmu.pdf\">Regulamin<\/a>)<\/strong><\/h4>\n<h4><strong>Akceptujemy karty p\u0142atnicze<\/strong><\/h4>\n<p><img loading=\"lazy\" decoding=\"async\" class=\"alignleft wp-image-349\" src=\"https:\/\/www.autobogus.pl\/wp-content\/uploads\/2019\/07\/credit-150x150.png\" alt=\"\" width=\"300\" height=\"61\" srcset=\"https:\/\/www.autobogus.pl\/wp-content\/uploads\/2019\/07\/credit-300x61.png 300w, https:\/\/www.autobogus.pl\/wp-content\/uploads\/2019\/07\/credit.png 752w\" sizes=\"auto, (max-width: 300px) 100vw, 300px\" \/><\/p>\n","protected":false},"excerpt":{"rendered":"<p>Adres: Kamieniec Z\u0105bkowicki Kolejowa 10, 57-230 Godziny otwarcia: Poniedzia\u0142ek-Pi\u0105tek: 8.00-18.00 Sobota: 9.00-15.00 Telefon: Tel. 74\/8-173-268 Faks: 74\/8-173-268 Kom. 602-570-564 Email: biuro@autobogus.pl Rodzaj wykonywanych us\u0142ug: Diagnostyka komputerowa silnika i podzespo\u0142\u00f3w Elektryka samochodowa Obs\u0142uga klimatyzacji Serwis ogumienia Serwis mechaniczny Obs\u0142uga flot samochodowych Sprzeda\u017c cz\u0119\u015bci samochodowych, wszystkie marki. Doradztwo przy zakupie samochodu Mo\u017cliwo\u015b\u0107 wynajmu auta zast\u0119pczego\u00a0(Regulamin) Akceptujemy karty &#8230; <a title=\"Us\u0142ugi &#8211; kontakt\" class=\"read-more\" href=\"https:\/\/www.autobogus.pl\/?page_id=147\">Czytaj dalej<span class=\"screen-reader-text\">Us\u0142ugi &#8211; kontakt<\/span><\/a><\/p>\n","protected":false},"author":3,"featured_media":0,"parent":0,"menu_order":0,"comment_status":"closed","ping_status":"closed","template":"","meta":{"footnotes":""},"class_list":["post-147","page","type-page","status-publish"],"_links":{"self":[{"href":"https:\/\/www.autobogus.pl\/index.php?rest_route=\/wp\/v2\/pages\/147","targetHints":{"allow":["GET"]}}],"collection":[{"href":"https:\/\/www.autobogus.pl\/index.php?rest_route=\/wp\/v2\/pages"}],"about":[{"href":"https:\/\/www.autobogus.pl\/index.php?rest_route=\/wp\/v2\/types\/page"}],"author":[{"embeddable":true,"href":"https:\/\/www.autobogus.pl\/index.php?rest_route=\/wp\/v2\/users\/3"}],"replies":[{"embeddable":true,"href":"https:\/\/www.autobogus.pl\/index.php?rest_route=%2Fwp%2Fv2%2Fcomments&post=147"}],"version-history":[{"count":14,"href":"https:\/\/www.autobogus.pl\/index.php?rest_route=\/wp\/v2\/pages\/147\/revisions"}],"predecessor-version":[{"id":412,"href":"https:\/\/www.autobogus.pl\/index.php?rest_route=\/wp\/v2\/pages\/147\/revisions\/412"}],"wp:attachment":[{"href":"https:\/\/www.autobogus.pl\/index.php?rest_route=%2Fwp%2Fv2%2Fmedia&parent=147"}],"curies":[{"name":"wp","href":"https:\/\/api.w.org\/{rel}","templated":true}]}}